) = 2*w + 148. Let o be g(7). What is the greatest common factor of o and 18?
18
Suppose -x + 2*w = -21, 2*w + 89 = 9*x - 4*x. Suppose -3*q - 107 = -566. What is the greatest common divisor of q and x?
17
Let w = 275 - 158. Calculate the highest common factor of 9 and w.
9
Let x(t) = -t**2 - 20*t + 70. Let i be x(-20). Calculate the greatest common factor of 90 and i.
10
Let j be (-2 + -106)/(((-9)/45)/1). What is the greatest common divisor of 324 and j?
108
Let s be 1508/91 + 4/(-7). Let l = s - 7. Let t be (1 - 0/2)*3. What is the greatest common factor of t and l?
3
Let t(v) = v**2 - 11*v - 14. Let k be t(14). What is the highest common factor of k and 14?
14
Suppose 0 = -5*c - 4*d + 95, -2*c - 1 = -3*d - 16. Calculate the greatest common divisor of 20 and c.
5
Let t = 8695 - 8675. Let m be 4/(-3)*-25*3. Calculate the greatest common divisor of m and t.
20
Let d(h) = -14*h + 3. Let z be d(-5). Let g be z*1/4 + (-2)/8. What is the greatest common divisor of 9 and g?
9
Let r(t) = t + 1. Suppose -4*o + o = -6. Let k be r(o). Suppose 0 = -k*c + 4 - 1. What is the highest common divisor of c and 1?
1
Suppose -402*p = -405*p + 33. Calculate the greatest common factor of p and 539.
11
Let h(a) = a**2 + 19*a + 19. Let p be (1 + 34/(-10))*30/4. Let d be h(p). What is the greatest common divisor of d and 3?
1
Let h be ((-3)/((-3)/10))/2. Suppose 2*r = 4*r - 5*k - 12, 0 = h*r - 4*k - 13. Let d = 83 + -82. What is the greatest common divisor of r and d?
1
Suppose -125*c = -170*c + 945. Let x(j) = 40*j - 1. Let g be x(4). Suppose -2*m - 33 = -g. What is the greatest common divisor of c and m?
21
Let v be ((-16)/(-3))/((-3)/(-27)). Suppose -3*z + 204 = -v. What is the highest common divisor of z and 21?
21
Suppose -3*h + h - 20 = 0. Let m(y) = 5*y - 1. Let i be m(-6). Let s = h - i. Calculate the greatest common factor of s and 168.
21
Suppose 5*w - 78 = -3*x - 15, x + 4*w = 21. Let o(l) = l**2 - 6*l + 2. Let y be o(6). Let r be (26 - 2)/(y/14). Calculate the highest common factor of x and r.
21
Let h = -91 - -199. Suppose -h = -0*w + 3*w + 5*o, 0 = 5*w - 3*o + 146. Let n = w - -55. What is the highest common divisor of 48 and n?
24
Let b(t) = -2*t**3 - 3*t**2 + t + 4. Let v be b(-3). Let c be 1/(-4) - (-119)/v. Calculate the highest common factor of 6 and c.
2
Suppose 0 = 8*z - 584 - 304. What is the greatest common divisor of z and 12?
3
Suppose 12 = 35*f - 34*f. Suppose -2*i = -4*i + 10. Suppose 0 = -5*x + 5*o + 290, 4*x - i*o - 230 = -0*x. What is the highest common divisor of x and f?
12
Let m be 3 - (-3 - 5)/(-4). Let g = -192 - -71. Let y be 2/(m/(0 - g)). Calculate the greatest common divisor of y and 22.
22
Let k be (22590/(-33))/(-3) + (-108)/594. What is the greatest common divisor of k and 12?
12
Let k(p) = -p**3 - 12*p**2 - 10*p + 26. Let a be k(-11). Calculate the highest common factor of 36 and a.
3
Suppose 2*z - 4*w = 784, 3*z - 405 = -3*w + 735. What is the greatest common divisor of z and 48?
48
Let a(q) = q**3 - 19*q**2 - 9*q + 14. Let z be a(20). Calculate the greatest common divisor of z and 54.
18
Let k(l) = -2*l**2 + 33*l + 9 + 3*l**2 - 29*l. Let r be k(-9). Let s be (16/(-12))/(4/(-18)). Calculate the greatest common divisor of s and r.
6
Suppose 60*h = 57*h - 5*d - 19, -13 = h + 3*d. What is the highest common divisor of 5 and h?
1
Let i = 28 + -26. Suppose -5*v + 23 = i*m + m, -3*m - 9 = -3*v. What is the greatest common divisor of v and 10?
2
Let m = 500 - 496. Calculate the highest common factor of m and 196.
4
Let h be (9/(-3))/((-3)/2). Suppose -2*p - 24 = h*p. Let u(o) = -o**2 - 6*o + 4. Let w be u(p). Calculate the highest common factor of w and 1.
1
Let c(a) = a**3 - 6*a**2 + 2*a - 7. Let i be c(6). What is the highest common divisor of i and 185?
5
Let z = 1075 - 866. What is the highest common divisor of z and 22?
11
Suppose 0*o - o = -3*z - 11, -2*z = 4. Let a = 103 + -63. What is the greatest common divisor of a and o?
5
Let b = -8 - -14. Suppose -1 = -0*g - g. Let x be -4*b/(-8)*g. What is the highest common factor of 27 and x?
3
Let v = -44 - -51. Let t(f) = f + 48. Let g be t(v). What is the highest common divisor of g and 11?
11
Let t(l) = 6*l**2 - l - 1. Let n be t(-3). Suppose -2*v = 10, -5*q - 3*v = -2*v - 35. Calculate the greatest common divisor of n and q.
8
Suppose 9*q + 85 = 247. Calculate the greatest common divisor of 288 and q.
18
Let m(v) = 2*v**3 - 9*v**2 + 6*v - 9. Let s be m(6). Let c(b) = -19*b - 100. Let h be c(-10). Calculate the highest common factor of h and s.
45
Let x = 49 - 14. Suppose 3*n - 16 = -1. Calculate the greatest common factor of n and x.
5
Let t be 21/(5/(10/9) + -3). Suppose c = 0, -2*d + 3*c = t - 54. Calculate the highest common divisor of 100 and d.
20
Suppose -f + 458 = 5*v, -v + 2*f + 3*f + 76 = 0. Let s be 8762/v + 4/(-14). Calculate the greatest common factor of 24 and s.
24
Suppose 17*c - 3389 = 3632. Calculate the highest common divisor of c and 118.
59
Let l be (-1 + 0)/((-1)/18). Let b(t) = t**2 + 12*t + 36. Let c(j) = j - 11. Let a be c(2). Let s be b(a). Calculate the greatest common factor of s and l.
9
Suppose -z + 3*d + 2 + 14 = 0, 2*z = 3*d + 17. What is the highest common divisor of 4 and z?
1
Let a(b) = -b**2 + 54*b + 210. Let w be a(57). What is the greatest common divisor of w and 104?
13
Suppose y - 50 = 5*h, 3*y - 4 = -5*h + 86. Suppose j - 4*z + 35 = 6*j, -4*z - y = -5*j. What is the greatest common factor of j and 28?
7
Let x(j) = -j**3 - 6*j**2 - 5*j - 6. Let t be x(-5). Let l = 58 + t. Let v = 756 + -743. Calculate the highest common divisor of l and v.
13
Let s(w) = -12*w**2 + 8*w - 2. Let h be s(3). Let p = h - -134. What is the greatest common divisor of 16 and p?
16
Suppose -709 - 677 = -18*z. What is the greatest common divisor of 33 and z?
11
Suppose n + 0*n = 12. Let h be -1 + -1 + n + 0. What is the highest common divisor of h and 20?
10
Suppose 39 + 1 = -4*q. Let b be q/(-30) + (-598)/(-6). What is the greatest common divisor of b and 40?
20
Let m be (-11)/1 + 5 + 21. Calculate the highest common divisor of 5 and m.
5
Let s(v) = -6*v - 49. Let b be s(-11). Calculate the highest common divisor of 323 and b.
17
Let n be (-12)/(-2*1) - 2. Suppose -296*d + 6 = -290*d. Calculate the highest common factor of d and n.
1
Let a = 7 - -5. Suppose -2 = -o, 0 = 4*w - 2*o - a - 128. Let g be 9 + (0/(-1))/((-9)/3). Calculate the highest common divisor of g and w.
9
Suppose -2*y - 2*k + 7*k = -40, -10 = 5*k. Let f = y - 7. Suppose o - f = 3. Calculate the greatest common divisor of o and 88.
11
Let y = -20 + 28. Let l(j) be the first derivative of -13*j**2/2 - j + 5. Let h be l(-5). What is the greatest common divisor of y and h?
8
Suppose 2*o = -5*j + 78, 0*j - 52 = -3*j + 4*o. Calculate the greatest common divisor of 24 and j.
8
Let f(w) = w**3 + 21*w**2 - w - 16. Let s be f(-21). Suppose s*a - 51 = 2*a. What is the greatest common factor of 136 and a?
17
Suppose 3*l + 2*i = 351, -4*i + 585 = 3*l + 2*l. Let t = -500 + 509. What is the greatest common factor of l and t?
9
Suppose 0 = 4*d - 10*d + 42. Suppose d*c = 3*c + 448. What is the highest common factor of 16 and c?
16
Let o = -411 - -863. Calculate the highest common divisor of o and 113.
113
Let u(y) = -y - 3. Let g = -9 - -2. Let p be u(g). Suppose 0 = 4*h - 4, -5*h - 4 - 23 = -p*w. What is the highest common divisor of 56 and w?
8
Let l be 25/(-30) - (-6957)/54. What is the greatest common factor of l and 8?
8
Let c be 0 - (1 + -37 + -8). What is the greatest common factor of 33 and c?
11
Suppose 5*w - y + 2975 = 2*y, -2*w + y = 1189. Let b be (-32)/(-40) - w/10. What is the greatest common divisor of b and 6?
6
Let r = -892 - -1316. Calculate the highest common divisor of 8 and r.
8
Let r(k) = -k + 2. Let i be r(-8). Calculate the greatest common divisor of 290 and i.
10
Suppose -3*q + 1405 = 5*u, 2*q + u - 7 = 939. What is the greatest common factor of 19 and q?
19
Let n be (-18)/15*-90 - (-2 + 2). What is the greatest common divisor of n and 156?
12
Suppose -5*r = -3*r + 62. Let w = r - -31. Suppose 2*d + w = 44. What is the highest common divisor of d and 11?
11
Suppose -27*t = 548 - 7595. What is the greatest common divisor of t and 58?
29
Suppose 2*n + 3 = -21. Let c be (453/n + 2)/((-9)